 of v?
2
What is the tens digit of 1116/15 + 15/25?
7
Let h(i) = 3*i**3 - 4*i - 6. What is the units digit of h(5)?
9
Let m = -205 + 337. What is the units digit of m?
2
Let d(b) = b**3 - 6*b**2 + 8*b - 7. What is the units digit of d(5)?
8
What is the hundreds digit of (-1 + -2)*(-2 + (-190)/6)?
1
Suppose -t = -4*i + 36, 0*t - 4*t = -i - 6. What is the tens digit of i?
1
Suppose 96 = -5*x - 74. Let s = -17 - x. Let v = s - 10. What is the units digit of v?
7
Let z(d) = -8*d - 3. What is the units digit of z(-4)?
9
What is the units digit of 444/15 - (-4)/10?
0
What is the hundreds digit of (32 + 1)*(-87)/(-9)?
3
Suppose 20*y = 22*y - 16. Suppose 3*x = y + 13. What is the units digit of x?
7
Suppose -q - 118 = -3*q. What is the units digit of q?
9
Suppose -4*j - j + 789 = -3*l, 0 = -2*l + 4. What is the hundreds digit of j?
1
Let x = 20 + -13. What is the units digit of x?
7
Suppose 8*z - 570 + 26 = 0. What is the units digit of z?
8
Suppose 0 = 5*x + 2*i - 6*i - 70, 3*x + 5*i - 5 = 0. Let l = x - -3. What is the tens digit of l?
1
Suppose 0 = v - 3*v + 14. What is the units digit of v?
7
Let j = 21 + -17. Suppose 5*v + 2*y - 200 = -3*y, j*y = -3*v + 116. What is the units digit of v?
4
Suppose -w - 4*w - 3*m + 32 = 0, -3*m + 8 = -w. Suppose -15 = -w*l - p - 0*p, -4*p = -4*l. What is the units digit of l?
3
Suppose -5*f + 3 + 7 = 0. Suppose -f*w + 6 = -0*w. Suppose w + 6 = i. What is the units digit of i?
9
Suppose 4*o = 9*o - 10. Suppose -o*z + 38 - 2 = 0. What is the units digit of z?
8
Let a(u) = 10*u**3 + 2*u**2 - 2*u - 1. What is the units digit of a(2)?
3
Let h(u) = u + 11. Let j be h(-9). Suppose -4*z = -q - 59, 5*z = q + j*q + 65. What is the units digit of z?
6
Let l = 17 - -16. Suppose -5*d + l = -17. What is the units digit of d?
0
Let f(n) be the first derivative of -n**3/3 - 4*n**2 - 4*n + 5. Let h = -22 + 15. What is the units digit of f(h)?
3
Suppose -2*h + 8 + 2 = 0. Suppose -2*w + 0*w + 2 = 0, 2*k - h*w - 15 = 0. What is the units digit of k?
0
What is the units digit of 70/(-15)*(-99)/6?
7
Suppose -i = 3*i. Suppose 3*o - 4*o + 4 = i. Suppose -4*s = -8, -d - s + 0*s + o = 0. What is the units digit of d?
2
Suppose 2*d + 48 = 3*d. Suppose -5*g + d + 117 = 0. What is the tens digit of g?
3
Suppose 5*l = 3*r + 10, -3*l + 3 + 2 = -2*r. Suppose -4*w - 2*h - 2 = -0*h, -l*h = 25. What is the units digit of (9/w)/(4/8)?
9
Let o = 4 + -5. Let b(d) = -31*d**3 + 1. Let s be b(o). Suppose -s = -0*g - 4*g. What is the units digit of g?
8
Suppose 0 = 2*f - 5*f + 21. What is the units digit of f?
7
What is the tens digit of (-74)/(-6) - (-1)/(-3)?
1
Suppose 0 = i + 4*i. Suppose i = -3*u - u + 16. Suppose 5*y + 32 = u*l, 0 = -l - y - y - 5. What is the units digit of l?
3
Let c(z) = -5*z + 4. Let k be c(-5). Suppose k = 4*d - 23. What is the tens digit of d?
1
Let u(c) = 14*c**3 - 13*c**2 + 38*c + 45. Let s(j) = 5*j**3 - 4*j**2 + 13*j + 15. Let d(m) = -17*s(m) + 6*u(m). What is the units digit of d(-11)?
9
Let h = -100 - -174. What is the tens digit of h?
7
Suppose -5*c = -2*c + 12. Let u be -1 - (-11 + 2 - 2). Let i = u + c. What is the units digit of i?
6
Let q be (4/6)/(10/75). Suppose -c - 3*d + 11 = -2, 0 = q*c + 3*d - 65. Let i = c - 7. What is the units digit of i?
6
Let g be (-4)/((-4)/(-3)) - 1. Suppose 2*b = 7*b + 30. Let r = g - b. What is the units digit of r?
2
Let d(a) = -a**2 + 4*a - 2. Let j be d(4). Let b(p) = -2*p**3 + p**2 - p + 2. What is the units digit of b(j)?
4
Let o be 34/9 - 4/(-18). Let a be (3/6)/(2/8). Suppose -p = 2, o*m + a*p - 10 = 2. What is the units digit of m?
4
Let f(a) = -5*a**2 + 2*a**2 + 3 - 2*a**2 + a**3 - 4*a. What is the units digit of f(6)?
5
Let u be (-3 + 3)/(-1) - -3. Suppose 5*d - 75 = -3*h + 2*d, -u*h = 4*d - 73. What is the tens digit of h?
2
Let p(f) = 10*f - 6. What is the units digit of p(4)?
4
Let u = 47 - 46. What is the units digit of u?
1
Let h(a) = -a**3 - a - 5. Let s be h(0). Let w be 8/(-10)*50/s. Let x = w + -3. What is the units digit of x?
5
Suppose 38*i = 37*i + 19. What is the tens digit of i?
1
Suppose 4 - 16 = -3*z. Suppose -3*m - k - 1 = 3, 4*m + 2*k = -2. What is the units digit of (8 - z) + 1 + m?
2
Let c(y) be the third derivative of y**5/120 - 3*y**4/8 - y**3/3 - 3*y**2. Let m(f) be the first derivative of c(f). What is the units digit of m(11)?
2
Let d be (-5)/2*(-260)/25. Let n be (2 + -3)/((-1)/5). Suppose -n*l = -d - 4. What is the units digit of l?
6
Let n(g) be the first derivative of -g**2/2 + 13*g + 2. What is the units digit of n(10)?
3
Suppose -x = x + 18. Let a = x - -19. What is the tens digit of a?
1
Let g = 11 + 5. Suppose w = -5*h + g, 1 = -2*w - 5*h + 28. What is the units digit of w?
1
Let l = -18 - -6. What is the tens digit of l*(-2)/4*3?
1
Let g(l) = -l**2 - 2*l + 64. What is the tens digit of g(0)?
6
Let x = -140 + 153. What is the tens digit of x?
1
Suppose -y = 3*y + 28. Let v = -11 - -7. Let b = v - y. What is the units digit of b?
3
Let y be 1/5 + (-22)/10. Let c be (-1)/y*-1*2. Let u = 3 + c. What is the units digit of u?
2
Let n(g) = -g**3 - 5*g**2 + 9*g. Let i be n(-8). Suppose -3*d + i = 2*d. What is the tens digit of d?
2
Let l be 4*1*(3 - 2). Suppose 170 = l*j + 42. What is the tens digit of j?
3
Let d = 12 + -7. Suppose 2*w - 4 = 4*k - 24, -d*w = 4*k + 8. Suppose a + 3*a = k*p - 11, -24 = -4*p + 3*a. What is the units digit of p?
9
Let q(m) = 2*m**2 + 24*m - 20. What is the tens digit of q(-18)?
9
Suppose 11*k - 339 = 8*k. What is the units digit of k?
3
Let b = -10 + 9. Let f(x) = 12*x**2 + 5*x - 1. Let l(c) = 13*c**2 + 4*c - 1. Let j(i) = -5*f(i) + 6*l(i). What is the units digit of j(b)?
8
Let z = -8 + 8. Suppose -4*l + 4 = 2*w, z = 3*w - 1 - 5. Suppose l*b = -4*b - 2*r + 48, 3*b - 36 = -r. What is the tens digit of b?
1
Suppose -2*a = -0*a - 10. Suppose a*o - 2*o = 72. What is the units digit of o?
4
Suppose 3*j - 2 = 2*j. Suppose j*m - 36 = -g, -2*g + 36 = m + 3*g. What is the units digit of m?
6
Suppose 5*y + 6 - 1 = 0, 0 = -3*z + 3*y - 171. Let f = 90 + z. What is the units digit of f?
2
Suppose -2*x - x - 3*p + 183 = 0, -4*x + 223 = -3*p. What is the tens digit of x?
5
Let w = -79 - -152. What is the tens digit of w?
7
Suppose 0 = 7*j - 6*j - 7. Let u(v) = v**3 - 5*v**2 - 7*v + 7. What is the units digit of u(j)?
6
Suppose 4*z - 79 + 23 = 0. Let c = -6 + z. What is the units digit of c?
8
Suppose 9 = -3*m + 87. Let y = m + -8. What is the units digit of y?
8
Let i(o) = -8*o + 3. Let l be i(3). Let q = l + 30. What is the units digit of q?
9
What is the tens digit of 7/((-140)/(-15)) + 450/8?
5
Suppose 4*m - 4*c = -6*c + 230, -c = -5*m + 291. What is the tens digit of m?
5
Suppose 2*d - 154 = -4*n, 4*d - 32 = -2*n + 60. What is the tens digit of n?
3
What is the units digit of (0 - 1)*372/(-12)?
1
Suppose -2*p + 10 = 2. What is the units digit of p?
4
Let k(r) = 6*r. Suppose 4*u = 2*u + 4*b + 16, -5*u + 13 = -b. What is the tens digit of k(u)?
1
Let v(i) = i + 9. Suppose -13 = 3*n + 2. What is the units digit of v(n)?
4
Let m(s) = s**2 - s + 4. Let j be m(0). Let h(p) = -p**2 + 5*p + 1. What is the units digit of h(j)?
5
Suppose -4*u - 5*i + 737 = 0, 4*u - 8*i = -3*i + 687. What is the tens digit of u?
7
Suppose 0*a = -5*a + 45. Suppose a = 2*y - 7. Suppose i - y = -i. What is the units digit of i?
4
Suppose -3*l - 82 = -3*v + 14, 2*l = 4*v - 128. Suppose -2*r = v - 104. Suppose -69 = -5*y + r. What is the units digit of y?
1
Let d(x) = -x**3 + 11. Let j be (-2)/(-8) + 243/36. Let q = -7 + j. What is the units digit of d(q)?
1
Suppose 2*x - 43 = -6*u + u, 4*u + 4*x = 44. Suppose -3*t = 1 - u. Suppose t*s - 3 = 13. What is the units digit of s?
8
Let o be 2/3 + 4/(-6). What is the tens digit of 2/(-2 - o)*-17?
1
Suppose -r + 2*k = -5*r + 574, 572 = 4*r + 4*k. Suppose -4*o + 4*s + r = 0, 0 = 5*s + 28 - 3. What is the tens digit of o?
3
Let f = 6 + -4. Suppose -n = f*n - 90. What is the units digit of (n/5)/(6/16)?
6
Let p(n) = -n**3 + 6*n**2 - n + 2. Let l be p(6). Let o(k) = -12*k - 9. What is the tens digit of o(l)?
3
Let x = -24 + 12. What is the units digit of 3 - (3 - 0) - x?
2
Suppose 4*u = 3*l - 201, -4*l = -5*l - u + 74. What is the units digit of l?
1
Suppose 4*p - 49 = 3. Suppose -2*q = -7 - p. What is the tens digit of